 of 319 and a.
29
Let g be (-693)/(-42) - 6/(-4). Let c(u) = u**2 + 2*u + 14. Let v be c(g). What is the greatest common factor of v and 22?
22
Suppose -130 = 58*y - 1116. Let i(h) = 57*h**2 - 5*h + 3. Let n be i(2). Calculate the greatest common factor of y and n.
17
Let y = -13 - -8. Let b be (6 - 1) + y + 792. Suppose 0 = -8*r + 6*r + b. Calculate the greatest common factor of r and 36.
36
Let u be (-16)/(-72) - -4*(-159)/(-54). Suppose 5*r + 1935 = 5*n, 2*n + 2*r - 710 = 52. Calculate the greatest common factor of n and u.
12
Let x(w) = -w**2 + 16*w + 82. Let c be x(20). Let g be (-14 + c + 2)/(-1). Calculate the highest common factor of 160 and g.
10
Let d(o) = 3*o**3 - 7*o**2 + 2*o - 3. Let s be d(3). Suppose s = y + 12. Let t be ((-35)/(-3))/(y/54). What is the highest common factor of 28 and t?
14
Let j(t) = t**2 + 12*t + 15. Let b = 77 + -72. Suppose -8*r - 47 = -3*r - 2*g, 53 = -3*r - b*g. Let u be j(r). Calculate the greatest common factor of u and 4.
4
Suppose 5*s = 5*j - 1045, s + 211 = -0*s - j. Let u = 79 - s. What is the highest common divisor of 17 and u?
17
Let x be 870/(-4) + 238/(-68). Let a = 419 + x. What is the highest common factor of a and 55?
11
Let y(i) = 47*i + 30. Let v be y(4). Suppose v = 6*n - 322. Calculate the highest common factor of n and 27.
9
Let w be (-4)/(-7) + 1508/203. Suppose q = -4, x + 4*q + 246 = -107. Let c = -201 - x. What is the highest common divisor of w and c?
8
Suppose -2*q + 2*j = -0 - 6, 3*q - 7 = 5*j. Suppose 2*w - 40 = -2*y, 20*w - q = 21*w - 5*y. What is the highest common factor of w and 320?
16
Suppose -2*q + 6 + 46 = 0. Suppose -3*a - 54 = -3*o, -o + 5*a + q = -0*o. Calculate the greatest common factor of o and 1.
1
Let r(l) = l**3 + 10*l**2 - 11*l + 15. Let i be r(-11). Let t(d) = -d**2 + 19*d + 40. Let v be t(0). What is the highest common factor of v and i?
5
Let i be 2 - (-2)/(-6)*(2 + -2). Suppose -i*f - 98 = -9*f. Calculate the greatest common divisor of f and 77.
7
Let m be 24/5*(5 - (-530)/4). Suppose -20*r = 240 - m. Calculate the greatest common divisor of r and 483.
21
Suppose -7*j = -9*j. Suppose 5*v - r - 16 = -j*r, -4*r + 12 = -v. Suppose -v*z + z - 25 = -l, -4*z - 103 = -5*l. What is the highest common divisor of l and 19?
19
Suppose -39*o + 40*o - 8 = 0. Suppose -4*i + 6*i = -o, 126 = -2*q + 2*i. Let u = q - -86. Calculate the highest common factor of 209 and u.
19
Let f(o) be the first derivative of 16/3*o**3 - 25/2*o**2 + 9*o - 1/4*o**4 - 12. Let u be f(12). Calculate the highest common divisor of 57 and u.
57
Let u(q) = 21*q**2 + 2*q + 3. Let d = -42 - -30. Let z be ((-1)/(-1) - (15 + d))/2. Let s be u(z). What is the highest common factor of s and 176?
22
Let i be ((-13)/(-52))/(1/(-2)) + 841/2. Calculate the greatest common factor of 5340 and i.
60
Suppose 3*u + 3*q - 14196 = -0*q, 0 = 5*u - q - 23636. Suppose -4*b + u = 4*b. Suppose 9*w + 141 = b. What is the highest common divisor of 150 and w?
50
Let d = 32 + -14. Suppose 12*u + 513 = 31*u. Let o be (-380)/(-3) - 18/u. What is the highest common factor of o and d?
18
Let q(f) = 10 + 16*f + 19 + 1. Let y be q(17). Let g be y/10 + (-5)/25. Calculate the greatest common factor of 45 and g.
15
Let o be 12/(-8)*(-8)/4. Suppose o*g - 6*g = -90. Suppose 55*v = 37*v + 540. Calculate the greatest common factor of g and v.
30
Let v = 106 - 52. Suppose 3*l + 5*c - 633 = 0, 0 = -19*l + 23*l + 4*c - 852. Calculate the greatest common divisor of v and l.
54
Suppose -7*l + 4*l + 15 = 0. Let r(x) = x + l + 4 - 2*x. Let h be r(-5). Calculate the greatest common divisor of 35 and h.
7
Let h(t) = 3*t + 24. Let o be h(-9). Let q be (2 - o) + -5 + 16. Calculate the highest common factor of 8 and q.
8
Suppose 0 = 18*r - 11 + 119. Let j be (24/18)/((r/(-9))/(-2)). Let u be j/(-8) + 15/6 + 1. What is the highest common factor of u and 16?
4
Let v be 10 + 57/12 + (-2)/(-8). Let b be (-7)/14 + 482/4. What is the greatest common factor of b and v?
15
Suppose -9*b - 2330 + 3257 = 0. Calculate the greatest common divisor of b and 927.
103
Let y be ((-4)/(-12))/(4/(-156)). Let s = -27 - y. Let l = 14 - s. What is the greatest common factor of l and 14?
14
Suppose -5*n = 5*q - 1080, 0*n = -5*q - 4*n + 1078. Let z = 278 - q. Calculate the greatest common factor of z and 288.
32
Let u(f) = -f**3 + 10*f**2 + 6*f + 57. Let y be u(11). Suppose y*g + 2*c - 140 = 0, g - 305 = -3*g + c. Calculate the greatest common divisor of 9 and g.
3
Let w = 109 - 76. Suppose 209 = 4*v + w. Calculate the greatest common factor of v and 220.
44
Let q(p) = 198*p - 1766. Let v be q(9). Calculate the highest common factor of v and 1544.
8
Let f(u) = -u**3 + 8*u**2 - u + 17. Let t be f(8). Suppose 0 = -4*r + 2*x - 80 + 254, 3*x = t. What is the greatest common factor of r and 495?
45
Let f(g) = -g + 20. Suppose -4*v + 4*c - 13 = -9*v, 0 = -v + 5*c + 20. Let a be f(v). Let s = -12 + a. Calculate the highest common divisor of s and 3.
3
Suppose 2*r - 2*p = 752 - 126, 0 = r - 4*p - 319. Let c = r - 301. Calculate the highest common divisor of c and 135.
5
Suppose 42*h - 24641 - 78693 = -19*h. Calculate the highest common factor of h and 14.
14
Let k be (-4)/((-120)/290)*6. What is the highest common divisor of 2494 and k?
58
Let d = 237 + -196. Calculate the greatest common divisor of 1271 and d.
41
Suppose 152*u = -179*u - 316 + 40036. Calculate the highest common factor of u and 1095.
15
Let d be ((-14*2)/2)/(-1). Let i(p) = 24*p**2 + 159*p + 7. Let h be i(-7). What is the greatest common divisor of d and h?
14
Suppose -5*y + 265 = -3*n, 5*y - 255 = -0*n + 5*n. Let t(m) = -2*m**3 - 12*m**2 + 31*m. Let c be t(-8). What is the greatest common divisor of c and y?
8
Let n(l) = -l**2 - 7*l - 3. Let p be n(-4). Let b = -102 + 108. Suppose i + c - 11 = b*c, 0 = i + c - 41. Calculate the highest common divisor of i and p.
9
Let d be -1 + 720/14 - (-300)/525. Let a be (0 - -3)*(-34)/(-6). Calculate the greatest common divisor of d and a.
17
Let a(z) = 4*z**2 - 348*z - 84. Let p be a(91). What is the highest common factor of 336 and p?
28
Let p be 2/(4/(-2 + 10)). Suppose 5*x - 101 = p*u - 6, u - 25 = -2*x. Let b(a) = 7*a + 85. Let y be b(-10). What is the highest common factor of y and x?
15
Let t be 6 - 56/(-6)*(-189)/(-2)*1. Calculate the greatest common divisor of t and 1184.
296
Let b = 496 + -496. Suppose b = -31*h + 23*h + 1752. Calculate the greatest common factor of h and 292.
73
Let j be (-5)/(-10)*(-1*2 - -12). Suppose 3 = j*y + 83. Let t(q) = q**3 + 17*q**2 + 17*q + 32. Let a be t(y). Calculate the highest common divisor of 4 and a.
4
Suppose 0 = -2*k + 7*k - 20, 0 = -3*w + k - 265. Let u = -86 - w. Let m be (-3 - 2/(-6))*-3. Calculate the greatest common factor of u and m.
1
Let m = -2098 - -2112. What is the highest common divisor of 343 and m?
7
Suppose 0 = z - 2, -4*z - 116 - 28 = -4*g. Suppose 24*b - 25*b - 40 = 0. Let r = 17 - b. What is the greatest common divisor of r and g?
19
Let l = 4975 + -4373. What is the greatest common factor of l and 798?
14
Let y(c) = 2*c**3 + 8*c**2 - 3*c - 8. Let k be y(-4). Let j be 114/k*4/24*4. What is the greatest common factor of j and 19?
19
Let p = 1085 + 3031. What is the greatest common divisor of p and 84?
84
Suppose 4*u = 27 - 35. Let d be (u/(-4)*4)/((-2)/26). Let n = d - -41. What is the highest common factor of 75 and n?
15
Let j be (3 + -2 - 0) + 1. Let w be 2/2 - -22*j. Let p be (6/4 + 0)*(-24)/(-9) - -6. What is the greatest common divisor of w and p?
5
Suppose -2*g + 4 - 14 = -4*o, -g = 3*o - 15. What is the greatest common divisor of 121 and o?
1
Suppose -2*g + 617 + 145 = 0. Let w be 1*g/3 + -1. Suppose -562 + 161 = -27*h + 85. What is the greatest common divisor of h and w?
18
Let s be ((-21)/7)/(6/(-4)). Suppose -5*k = -s*l - 10*k + 8, 3*l + 5*k = 2. Let b be ((-50)/l)/((-2)/(-6)). What is the greatest common factor of b and 25?
25
Suppose 13*m - 200 - 86 = 0. Let s be 296/(-30) - 12/90. Let i = 21 + s. Calculate the greatest common factor of m and i.
11
Let a be 2*(-1131)/(-6) - (9 - (-2 + 9)). Calculate the highest common divisor of 3875 and a.
125
Let b(t) = 0*t**3 - 351 - 4*t**2 - 3*t**3 - 353 + 709. Let r be b(-3). What is the highest common divisor of 100 and r?
50
Suppose -4*f + 10 + 182 = 0. Le